 - 4*b = -278. Suppose 95*q + 1107 = p*q. What are the prime factors of q?
3, 41
Let a = -122 + 112. List the prime factors of (72/45)/2 - 4242/a.
5, 17
Let w = -38259 + 66346. List the prime factors of w.
28087
Let u = 111 + -107. Suppose 5*i - 1427 = -u*a, -10*a + 11*a - 356 = -2*i. List the prime factors of a.
2, 179
Let s(j) = 27*j - 52. Let o be s(9). Let c = -20 + o. What are the prime factors of c?
3, 19
Suppose 0 = 2*z - 5*t - 53143, 0 = 2*z - 4*t - 38642 - 14492. List the prime factors of z.
139, 191
Let c(u) = -u**3 - 9*u**2 + 3. Let r(g) = 0*g**3 - 3*g**3 - 19*g**2 + 5 + 0*g**3. Let y(i) = 5*c(i) - 2*r(i). List the prime factors of y(7).
5
Let d = -53997 + 78328. What are the prime factors of d?
29, 839
Suppose 0 = -0*k + k - 10. Let o(a) = 2*a**2 + k + 5*a + 0 - 11*a. List the prime factors of o(5).
2, 3, 5
Let k(a) = 7*a**2 - 3*a + 1632. List the prime factors of k(-53).
2, 17, 631
Suppose -i - 12662 + 43663 = 3*v, i - 4*v = 31001. What are the prime factors of i?
29, 1069
Let j(k) = 23*k**2 - 4*k - 7. Let p(a) = -a**3 - 3*a**2 - a + 3. Let w be p(-3). Let o be j(w). Suppose 0 = -10*r + o + 3. List the prime factors of r.
2, 5
Let u(r) be the third derivative of r**4/24 + 23*r**3/6 + 13*r**2. Let p be u(-22). List the prime factors of (2*3/9)/(p/123).
2, 41
Suppose -2478009 - 900654 = -191*p + 1623818. What are the prime factors of p?
11, 2381
Let i(c) = 2*c**3 + 3*c**2 + 14*c - 19. Let v be (140/(-15) + 9)/(1/(-12)). List the prime factors of i(v).
3, 71
Suppose 4*u + 2977 = -0*a - 5*a, a + 595 = -u. Let v = 126 - a. What are the prime factors of v?
3, 241
Let w be ((-6)/5)/((-6)/40). Let l(f) = f**3 - 4*f - 70 - 56 - 7*f**2 + 122. List the prime factors of l(w).
2, 7
Let r = 1344 + -791. Let b = 1190 - r. List the prime factors of b.
7, 13
Let s be (-7 - -5)*159/(-2). Let h = s + -105. Let c = -38 + h. What are the prime factors of c?
2
Suppose 2*m + 5*t = 5387, -2*m + 4*t + 2698 = -2734. What are the prime factors of m?
2, 3, 11, 41
Suppose 18453996 = 9*c + 100*c + 287*c. What are the prime factors of c?
46601
Let y = 20702 - 3864. List the prime factors of y.
2, 8419
Let u = -396 + 399. Suppose -2955 = -2*q - u*m, -q + 1413 = 5*m - 47. What are the prime factors of q?
3, 5, 11
Suppose 867*y + 394200 = 877*y. What are the prime factors of y?
2, 3, 5, 73
Let t = -174 + 177. Suppose 113 = d + 5*f, -t*d + 2*f = -3*f - 359. List the prime factors of d.
2, 59
Let s be (-18)/3 - -6 - 15. Let r(d) = 4*d**2 + 14*d - 33. List the prime factors of r(s).
3, 73
Suppose 60 + 96 = 13*f. Suppose -f*n = -14*n + 66. Suppose -1155 = -38*t + n*t. What are the prime factors of t?
3, 7, 11
Let y = 2877 + -1961. Suppose -n - 5*b + 915 = -2*b, 2*b = -n + y. What are the prime factors of n?
2, 3, 17
Let h = -1246 - -2272. Let c = h + -602. What are the prime factors of c?
2, 53
Let k = -2498 + 4500. Suppose -5*s - k = -t - 6622, -4*s + 4*t = -3712. Suppose 2*y + 2*f = 462, 4*y + 5*f = -0*y + s. List the prime factors of y.
2, 29
Suppose 270*x - g = 265*x + 99652, 5*x + 5*g - 99670 = 0. What are the prime factors of x?
19, 1049
What are the prime factors of (-99)/(-9) - 4 - (-11595 + 1)?
3, 1289
Suppose -f = -u + 7, u + 8*f + 5 = 3*f. Suppose -4 = 3*q + u. What are the prime factors of (196*(-1)/(-6))/((-2)/q)?
7
Let h(p) = 2*p**3 - 7*p**2 - 15*p + 9. Let v be h(6). Let m = -37 + v. List the prime factors of m.
2, 31
Let y(j) = 5748*j - 4347. List the prime factors of y(6).
3, 17, 197
Let a be 0 + 0*2/6. Suppose a = -c - 0*c + 15. Let m = 74 - c. List the prime factors of m.
59
Suppose 0 = -29*f + 23*f - 1584. Let k = f + 587. What are the prime factors of k?
17, 19
Let f be (6/(-21) - (-45)/35)*365. Let k = f - -63. List the prime factors of k.
2, 107
Let t(q) = 6538*q**2 - 103*q - 13. What are the prime factors of t(-2)?
5, 11, 479
Let u be -1 - -1 - (-504)/(20/(-5)). Let a = -126 - u. What are the prime factors of ((-4 - (3 + 234)) + a)/(-1)?
241
Let x(j) = 327*j - 1872. What are the prime factors of x(13)?
3, 13, 61
What are the prime factors of (-10 + 2*(-4110)/20)*(0 - 5)?
5, 421
Let j = -9144 + 17814. What are the prime factors of j?
2, 3, 5, 17
Suppose -2*s + 3*c = -45, -3*c + 1 = -s + 25. Suppose -s = 5*a - 1. List the prime factors of ((-27)/(-2) - -6) + 2/a.
19
Let z(d) = 326*d**2 - 38*d + 37. Suppose -5*i - 27 = -3*t + t, -i - 3 = 2*t. List the prime factors of z(t).
5, 13
Let r(a) = 254*a - 24. Let z be r(6). List the prime factors of 1/(-1 + z/1496).
2, 11, 17
Suppose 2*n - 2 = n. Let k(j) = -5*j + 17*j**n + 10*j**2 + 9*j**2 - 5 - 34*j**2. List the prime factors of k(5).
2, 5
Suppose 2*y - 4*y = -3*x - 15158, 4*y = 2*x + 30316. What are the prime factors of y?
11, 13, 53
Let j(s) = 6*s**2 - 13*s**2 + 3*s - 8*s**2 + 8 + s**3. Let u(b) = -5*b - 5. Let f be u(-4). List the prime factors of j(f).
53
Let d(o) be the second derivative of o**4/12 - 5*o**2/2 + 3*o. Let m be (-3)/((-114)/194) + 544/(-5168). List the prime factors of d(m).
2, 5
List the prime factors of (-2)/(((-130)/(-24065))/(-13)).
4813
Suppose -2*s = -s + 3, -s + 1389 = 3*o. Suppose 2*f - k = 458, 2*f - 4*k + 0*k - o = 0. What are the prime factors of f?
2, 3, 19
Let t be ((-12)/(-16))/3 - (-66)/24. Suppose -2*u - t*j = -685, -5*u - 2*j = -3*u - 686. What are the prime factors of u?
2, 43
Let u be (2/8)/((-1)/(-8)). Let p be u/5 - 2*(-133)/35. Suppose -p*s - 115 = -1427. What are the prime factors of s?
2, 41
Let o be 65/(-52) - (-327756)/(-16). What are the prime factors of o/(-30) + 48/360?
683
What are the prime factors of 1/(2 - (1 + (-21738)/(-21741)))?
7247
Let h(l) = -l**3 + 15*l**2 + l - 10. Let g be h(15). What are the prime factors of (11 - g - -497) + -6?
7, 71
Let a(k) = 2. Let x(u) = -52*u - 3. Let f(p) = 6*a(p) + 2*x(p). Let q(o) = -2*o**3 - 2*o**2 + 52*o - 49. Let h be q(1). What are the prime factors of f(h)?
2, 5, 11
Suppose -4*o + o = -105. Suppose 5*n = 4*n + 2*c + 792, 1585 = 2*n - 3*c. List the prime factors of 10/o - n/(-14).
3, 19
What are the prime factors of (-2)/(16/(-361474)) - 744/(-992)?
5, 7, 1291
Suppose 0 = -48*y + 39*y + 72357 + 14835. List the prime factors of y.
2, 7, 173
Suppose -13*c = -10*c + s - 14356, 2*c - 9574 = s. What are the prime factors of c?
2, 2393
Suppose 0 = 5*u + 5*h - 144875, -h + 69929 = 3*u - 17002. What are the prime factors of u?
2, 14489
Suppose 7*w + 105 = -8*w. Let h(d) = -3*d**2 - 54*d - 9. List the prime factors of h(w).
2, 3, 37
Let m = 1320 + 1781. What are the prime factors of m?
7, 443
Suppose p + 30255 = x, -p + 7886 = 3*x - 82895. What are the prime factors of x?
30259
Let c be ((-36)/16)/((-9)/12). Suppose -3*n + 13 = -2*v, c*v - v + 18 = 4*n. Suppose 4*f - 14 = 2*d - 88, -n*d + 161 = -4*f. What are the prime factors of d?
29
Let r = 39642 + -18933. List the prime factors of r.
3, 13, 59
Suppose 1620 = 10*a - 12*a - 5*s, 3*a + 3*s = -2448. List the prime factors of a/(-6) + 44/33.
2, 3, 23
Suppose -p + l + 3260 = -1091, -17406 = -4*p + 5*l. What are the prime factors of p?
4349
Let q = -71 + 75. Suppose 4*b = u - 14, -7*u + 25 = -2*u - 5*b. Suppose 0 = -0*w + q*w + 4, 5*f - 172 = u*w. List the prime factors of f.
2, 17
Suppose -2*n + 290 = -c - 0*n, 5*c + 1463 = -3*n. Let d = 8 - c. What are the prime factors of d?
2, 3, 5
Suppose 3*t - 21127 = 27*t - 64375. List the prime factors of t.
2, 17, 53
Let f(b) = -35*b**3 + 6*b**2 - 2*b - 7. Let p be f(-2). Let y = 766 + p. List the prime factors of y.
11, 97
Let z be (9 + -9)/(0 + (-1)/(-1)). Suppose -6*w + 264 + 1182 = z. List the prime factors of w.
241
Suppose -2*s + 11 - 3 = 0. Suppose s*d - 716 = -4*b, 497 = 3*d - 5*b - 0*b. List the prime factors of d.
2, 3, 29
Suppose -1795 = -8*t + 2733. Let b = -182 + t. List the prime factors of b.
2, 3
Let d(j) = 8*j + 4*j**2 + 0 - 2*j**2 - 4. Let y(a) = -13*a**2 + 45*a + 21. Let g be y(4). List the prime factors of d(g).
2, 19
Let j(y) = -469*y**3 + y**2 - 1. Let f be j(-1). Suppose 0 = c, -4*s = c - 627 - f. What are the prime factors of s?
2, 137
Let h be 4/(-20) - 14/5 - 528. Let n = 1640 + h. List the prime factors of n.
1109
Let u = 18152 - 6811. What are the prime factors of u?
11, 1031
Suppose h - 1250 = -5*q + 2*q, q = -4*h + 413. Let j = q + -96. Let v = -61 + j. List the prime factors of v.
2, 5, 13
Let r